f 671.
11, 61
List the prime factors of 1077.
3, 359
What are the prime factors of 17831?
11, 1621
What are the prime factors of 399?
3, 7, 19
What are the prime factors of 51336?
2, 3, 23, 31
List the prime factors of 11228.
2, 7, 401
What are the prime factors of 5535?
3, 5, 41
What are the prime factors of 55476?
2, 3, 23, 67
What are the prime factors of 2798?
2, 1399
What are the prime factors of 157005?
3, 5, 1163
What are the prime factors of 56101?
56101
What are the prime factors of 23997?
3, 19, 421
List the prime factors of 18445.
5, 7, 17, 31
What are the prime factors of 720?
2, 3, 5
What are the prime factors of 18947?
18947
What are the prime factors of 35108?
2, 67, 131
What are the prime factors of 3065?
5, 613
List the prime factors of 1247.
29, 43
List the prime factors of 7074.
2, 3, 131
What are the prime factors of 85186?
2, 191, 223
What are the prime factors of 100069?
100069
What are the prime factors of 124770?
2, 3, 5, 4159
List the prime factors of 70.
2, 5, 7
List the prime factors of 582.
2, 3, 97
What are the prime factors of 12988?
2, 17, 191
What are the prime factors of 10951?
47, 233
List the prime factors of 700.
2, 5, 7
List the prime factors of 2381.
2381
What are the prime factors of 19905?
3, 5, 1327
What are the prime factors of 52034?
2, 26017
List the prime factors of 3488.
2, 109
List the prime factors of 147641.
13, 41, 277
What are the prime factors of 3820?
2, 5, 191
List the prime factors of 333.
3, 37
What are the prime factors of 201241?
53, 3797
List the prime factors of 16886.
2, 8443
List the prime factors of 77525.
5, 7, 443
List the prime factors of 4368.
2, 3, 7, 13
List the prime factors of 5011.
5011
What are the prime factors of 4006?
2, 2003
List the prime factors of 621.
3, 23
List the prime factors of 128575.
5, 37, 139
List the prime factors of 39198.
2, 3, 47, 139
What are the prime factors of 40574?
2, 20287
List the prime factors of 135752.
2, 71, 239
What are the prime factors of 1440?
2, 3, 5
What are the prime factors of 15995?
5, 7, 457
What are the prime factors of 39621?
3, 47, 281
List the prime factors of 1857.
3, 619
What are the prime factors of 173481?
3, 7, 11, 751
What are the prime factors of 2075?
5, 83
What are the prime factors of 51476?
2, 17, 757
List the prime factors of 45812.
2, 13, 881
List the prime factors of 14279.
109, 131
List the prime factors of 10942.
2, 5471
List the prime factors of 5583.
3, 1861
What are the prime factors of 479?
479
What are the prime factors of 9099?
3, 337
What are the prime factors of 1435?
5, 7, 41
List the prime factors of 22.
2, 11
What are the prime factors of 1138?
2, 569
List the prime factors of 658.
2, 7, 47
List the prime factors of 2801.
2801
List the prime factors of 59909.
139, 431
List the prime factors of 14180.
2, 5, 709
List the prime factors of 116360.
2, 5, 2909
What are the prime factors of 2452?
2, 613
List the prime factors of 26.
2, 13
What are the prime factors of 1289?
1289
List the prime factors of 9687.
3, 3229
List the prime factors of 1712.
2, 107
What are the prime factors of 4522?
2, 7, 17, 19
List the prime factors of 5868.
2, 3, 163
What are the prime factors of 2216?
2, 277
What are the prime factors of 1417?
13, 109
List the prime factors of 315.
3, 5, 7
What are the prime factors of 26518?
2, 13259
What are the prime factors of 4438?
2, 7, 317
What are the prime factors of 56001?
3, 11, 1697
What are the prime factors of 72937?
72937
List the prime factors of 39871.
13, 3067
List the prime factors of 36776.
2, 4597
What are the prime factors of 6330?
2, 3, 5, 211
What are the prime factors of 2715?
3, 5, 181
What are the prime factors of 31?
31
List the prime factors of 5924.
2, 1481
What are the prime factors of 81070?
2, 5, 11, 67
What are the prime factors of 22255?
5, 4451
What are the prime factors of 642?
2, 3, 107
List the prime factors of 13836.
2, 3, 1153
List the prime factors of 8188.
2, 23, 89
List the prime factors of 49391.
49391
What are the prime factors of 1957?
19, 103
List the prime factors of 39546.
2, 3, 13
What are the prime factors of 1323?
3, 7
What are the prime factors of 149345?
5, 7, 17, 251
List the prime factors of 39934.
2, 41, 487
List the prime factors of 2676.
2, 3, 223
What are the prime factors of 1316?
2, 7, 47
List the prime factors of 22421.
7, 3203
What are the prime factors of 15488?
2, 11
What are the prime factors of 8340?
2, 3, 5, 139
List the prime factors of 8844.
2, 3, 11, 67
What are the prime factors of 606?
2, 3, 101
What are the prime factors of 71104?
2, 11, 101
What are the prime factors of 744?
2, 3, 31
What are the prime factors of 23152?
2, 1447
What are the prime factors of 3586?
2, 11, 163
What are the prime factors of 6030?
2, 3, 5, 67
What are the prime factors of 18449?
19, 971
What are the prime factors of 105882?
2, 3, 7, 2521
List the prime factors of 28004.
2, 7001
What are the prime factors of 3907?
3907
What are the prime factors of 785?
5, 157
List the prime factors of 9993.
3, 3331
List the prime factors of 2842.
2, 7, 29
What are the prime factors of 1905?
3, 5, 127
What are the prime factors of 42220?
2, 5, 2111
List the prime factors of 1004.
2, 251
List the prime factors of 14784.
2, 3, 7, 11
List the prime factors of 115585.
5, 23117
What are the prime factors of 1255?
5, 251
List the prime factors of 2926.
2, 7, 11, 19
What are the prime factors of 2582?
2, 1291
List the prime factors of 1061.
1061
What are the prime factors of 1575?
3, 5, 7
List the prime factors of 4401.
3, 163
List the prime factors of 97203.
3, 32401
What are the prime factors of 9871?
9871
What are the prime factors of 15566?
2, 43, 181
What are the prime factors of 1818?
2, 3, 101
List the prime factors of 990.
2, 3, 5, 11
What are the prime factors of 663?
3, 13, 17
List the prime factors of 18245.
5, 41, 89
What are the prime factors of 1582?
2, 7, 113
What are the prime factors of 12395?
5, 37, 67
List the prime factors of 64345.
5, 17, 757
What are the prime factors of 2100?
2, 3, 5, 7
List the prime factors of 16438.
2, 8219
List the prime factors of 1198.
2, 599
List the prime factors of 5815.
5, 1163
List the prime factors of 1296.
2, 3
List the prime factors of 10229.
53, 193
List the prime factors of 4841.
47, 103
List the prime factors of 1405.
5, 281
What are the prime factors of 19886?
2, 61, 163
What are the prime factors of 19234?
2, 59, 163
List the prime factors of 1714.
2, 857
List the prime factors of 2256.
2, 3, 47
List the prime factors of 20500.
2, 5, 41
What are the prime factors of 260?
2, 5, 13
What are the prime factors of 1199?
11, 109
List the prime factors of 3770.
2, 5, 13, 29
List the prime factors of 30945.
3, 5, 2063
What are the prime factors of 3290?
2, 5, 7, 47
What are the prime factors of 9102?
2, 3, 37, 41
What are the prime factors of 10?
2, 5
List the prime factors of 506.
2, 11, 23
List the prime factors of 10272.
2, 3, 107
List the prime factors of 2676.
2, 3, 223
List the prime factors of 28158.
2, 3, 13, 19
List the prime factors of 19810.
2, 5, 7, 283
List the prime factors of 26132.
2, 47, 139
What are the prime factors of 81425?
5, 3257
What are the prime factors of 10907?
13, 839
List the prime factors of 1100.
2, 5, 11
What are the prime factors of 259?
7, 37
What are the prime factors of 7265?
5, 1453
List the prime factors of 19633.
29, 677
List the prime factors of 6857.
6857
List the prime factors of 715.
5, 11, 13
List the prime factors of 1398.
2, 3, 233
What are the prime factors of 5739?
3, 1913
List the prime factors of 413.
7, 59
List the prime factors of 126901.
19, 6679
List the prime factors of 2010.
2, 3, 5, 67
What are the prime factors of 12060?
2, 3, 5, 67
What are the prime factors of 928?
2, 29
List the prime factors of 2769.
3, 13, 71
List the prime factors of 42358.
2, 21179
What are the prime factors of 7975?
5, 11, 29
List the prime factors of 40120.
2, 5, 17, 59
List the prime factors of 7712.
2, 241
List the prime factors of 3806.
2, 11, 173
List the prime factors of 5112.
2, 3, 71
List the prime factors of 5046.
2, 3, 29
What are the prime factors of 873?
3, 97
What are the prime factors of 8204?
2, 7, 293
What are the prime factors of 3518?
2, 1759
List the prime f